ber?
False
Is 36676758499 composite?
False
Is 1469564491 composite?
False
Is 17093777507 prime?
True
Is 10784005 composite?
True
Is 1369491205 a prime number?
False
Is 13250748259 composite?
True
Is 78596619067 a composite number?
True
Is 62248843 composite?
False
Is 13091808479 a prime number?
True
Is 118865099 a prime number?
False
Is 58609298357 composite?
False
Is 12544245101 prime?
True
Is 431068667 a prime number?
True
Is 91311407734 composite?
True
Is 82534702979 a prime number?
True
Is 9665963807 a prime number?
True
Is 6969508531 a prime number?
True
Is 573146363 composite?
False
Is 821429897 composite?
True
Is 4187055361 prime?
True
Is 675919511 a prime number?
True
Is 484902416747 composite?
True
Is 542931271 a prime number?
False
Is 1422978243 composite?
True
Is 1699688051 a composite number?
False
Is 13746779447 prime?
True
Is 51924584879 a prime number?
False
Is 2061506143 composite?
False
Is 15035429653 a prime number?
False
Is 3610623157 prime?
True
Is 2378197109 prime?
True
Is 479413624153 a prime number?
True
Is 12001672139 prime?
True
Is 12778038089 composite?
False
Is 2424407867 prime?
False
Is 2170422511 a composite number?
False
Is 81056154307 a prime number?
True
Is 12177023167 prime?
False
Is 2657172491 prime?
False
Is 11211812043 a composite number?
True
Is 515043769 a prime number?
False
Is 2187793633 prime?
True
Is 64453127 prime?
True
Is 3057846787 a composite number?
False
Is 4138076471 a composite number?
True
Is 28009244519 prime?
True
Is 4128214655 a composite number?
True
Is 276492719 prime?
False
Is 3476825251 a composite number?
True
Is 99909368149 a composite number?
False
Is 820794518 a prime number?
False
Is 68335669177 a prime number?
True
Is 149717498687 prime?
True
Is 362517949 a composite number?
False
Is 895533307 composite?
False
Is 739779983 composite?
True
Is 406691393 prime?
False
Is 7744394111 a composite number?
False
Is 10912938709 composite?
False
Is 153283157 composite?
False
Is 710069369 a composite number?
False
Is 5884704179 composite?
False
Is 659034073 prime?
True
Is 2914475029 composite?
True
Is 1709214883 a prime number?
False
Is 28331303639 a prime number?
True
Is 752995043 composite?
False
Is 4886392601 a composite number?
True
Is 15808623265 composite?
True
Is 72384090899 prime?
True
Is 293063278 prime?
False
Is 15935885107 a prime number?
True
Is 19704324041 composite?
False
Is 147233792507 composite?
False
Is 1183547531 prime?
False
Is 992255987 composite?
True
Is 48435642031 a composite number?
True
Is 25156491761 a composite number?
True
Is 242765611 composite?
True
Is 660373097 a prime number?
True
Is 159215129567 a prime number?
False
Is 1077867523 a prime number?
True
Is 22283742814 prime?
False
Is 1400656363 a composite number?
False
Is 22699160689 composite?
False
Is 47459687537 composite?
True
Is 17405673431 composite?
True
Is 1055652699 composite?
True
Is 5283218519 a composite number?
True
Is 298275073 a composite number?
False
Is 471163387 a composite number?
True
Is 713278633 prime?
True
Is 718331203 composite?
False
Is 569187257 composite?
False
Is 682183009 a prime number?
False
Is 18051932521 prime?
False
Is 3968795027 a composite number?
True
Is 9283849747 a composite number?
False
Is 4461059687 a composite number?
True
Is 43277797 a composite number?
False
Is 2160635059 a prime number?
False
Is 14115252989 prime?
False
Is 2599422407 a composite number?
False
Is 556127623 composite?
False
Is 398488529 prime?
True
Is 4404457193 prime?
True
Is 8961655177 composite?
False
Is 66238290967 a prime number?
True
Is 403357711 composite?
False
Is 39598879291 a composite number?
True
Is 11898165169 a prime number?
False
Is 637599563 prime?
False
Is 2001355361 a composite number?
True
Is 4756507309 prime?
True
Is 10503171551 a composite number?
True
Is 71334283 a prime number?
False
Is 65004561607 composite?
False
Is 26311896517 a prime number?
True
Is 74018327 a prime number?
True
Is 447663367 a prime number?
True
Is 3511557007 a composite number?
True
Is 3228391637 a composite number?
False
Is 20140097017 composite?
False
Is 99193609 prime?
True
Is 1807949193 composite?
True
Is 18651188891 a composite number?
False
Is 3346988371 composite?
False
Is 785943773 composite?
False
Is 2582715527 prime?
False
Is 13197867629 prime?
False
Is 5301330919 composite?
True
Is 5271436519 composite?
True
Is 129815987461 a composite number?
True
Is 20406562369 a composite number?
False
Is 10202004007 composite?
True
Is 3624721439 a prime number?
False
Is 812799317 a prime number?
False
Is 33701230555 composite?
True
Is 1013082379 a prime number?
False
Is 43414759159 a prime number?
True
Is 2140736993 composite?
True
Is 511548637 a prime number?
False
Is 5032546199 a prime number?
True
Is 667905517 composite?
False
Is 11010341 a composite number?
False
Is 92929812739 composite?
False
Is 66087383273 a prime number?
True
Is 334660211 a prime number?
True
Is 367844017 prime?
False
Is 1587841831 a composite number?
False
Is 99121303399 prime?
True
Is 3850452677 prime?
True
Is 61505116781 composite?
False
Is 1382708543 prime?
True
Is 10991258329 prime?
False
Is 914534909 a composite number?
True
Is 186642013 prime?
False
Is 2829638941 composite?
True
Is 6789583 composite?
True
Is 678875903 a prime number?
True
Is 19345075045 composite?
True
Is 5874310837 a prime number?
False
Is 1420274591 a prime number?
True
Is 7608307001 composite?
False
Is 15166047269 a prime number?
True
Is 6439252453 composite?
True
Is 2345955693 a composite number?
True
Is 696738731 prime?
False
Is 32080268339 a composite number?
True
Is 33833249773 prime?
False
Is 1386881333 a prime number?
True
Is 1769220811 a composite number?
False
Is 929131951 a prime number?
False
Is 1750800263 a prime number?
False
Is 392868473 a prime number?
False
Is 351249496679 composite?
True
Is 2408042863 prime?
False
Is 3106813483 a prime number?
True
Is 15590600681 prime?
False
Is 3103645217 composite?
True
Is 16894865209 prime?
True
Is 23794631771 a prime number?
True
Is 59616018167 composite?
True
Is 47994326057 prime?
True
Is 5815519199 composite?
True
Is 94072931 a composite number?
False
Is 246376709 composite?
True
Is 140197947613 a composite number?
False
Is 991415587 composite?
False
Is 502259231 composite?
False
Is 662647633 a prime number?
False
Is 349301209 prime?
True
Is 35008614413 a prime number?
True
Is 452508493 prime?
False
Is 35591290741 composite?
True
Is 208312991 a composite number?
True
Is 653535319 composite?
False
Is 1776747227 prime?
True
Is 404990395 composite?
True
Is 448883639 a prime number?
True
Is 12301644929 prime?
False
Is 7684414937 a prime number?
True
Is 7649599579 a composite number?
True
Is 947451133 a prime number?
True
Is 688961467 a composite number?
True
Is 86950179263 a prime number?
False
Is 3244286981 a composite number?
True
Is 466053103 prime?
False
Is 8536934657 a composite number?
True
Is 4552253741 a prime number?
False
Is 82262233529 a prime number?
False
Is 66060970793 a composite number?
True
Is 13833065035 a composite number?
True
Is 217203469277 prime?
False
Is 12177026429 prime?
False
Is 1779332873 prime?
True
Is 598015853165 composite?
True
Is 4201504577 a composite number?
False
Is 3598263763 composite?
True
Is 6054719459 a composite number?
True
Is 2768083103 prime?
False
Is 129818561 a composite number?
False
Is 51097751041 prime?
True
Is 18964783397 prime?
False
Is 110828537 prime?
True
Is 1479672031 a prime number?
True
Is 21807894833 prime?
True
Is 81752652139 a prime number?
False
Is 450218099 composite?
False
Is 20712186371 a prime number?
True
Is 2555482171 prime?
False
Is 479758933 prime?
False
Is 4888482167 a prime number?
True
Is 3807642665 prime?
False
Is 19790685979 prime?
True
Is 18971254 composite?
True
Is 1109036941 a prime number?
True
Is 359647111 a composite number?
True
Is 1085163799 a composite number?
False
Is 2844417841 composite?
False
Is 31709086771 a composite number?
True
Is 4608528605 prime?
False
Is 4302768053 a composite number?
False
Is 8630449661 a prime number?
True
Is 750502423 a composite number?
True
Is 131912507 a composite number?
True
Is 2615791559 a prime number?
True
Is 13230196003 a prime number?
False
Is 954331967 a composite number?
True
